 the prime factors of x?
2
Let n be (-2)/(-5) - (-56)/10. Let s = 9 - n. List the prime factors of s.
3
Suppose 20 = l + 4*l. Suppose -4*z = 3*q - 74, z - l*z = -3*q + 81. What are the prime factors of q?
2, 13
Suppose 0*d + 270 = -4*f + 2*d, -2*f - d = 145. What are the prime factors of (4/(-5))/(4/f)?
2, 7
Let u be 3/3*11*-1. Let q = u - -22. What are the prime factors of q?
11
Suppose 5*h - 214 = -2*j, -3*h - 2*j - 15 + 145 = 0. List the prime factors of h.
2, 3, 7
Let z = -30 + 50. Suppose -h - 14 = -2*u - 0, -h + 3*u - 15 = 0. Let t = z + h. List the prime factors of t.
2
Let w = -4 - -8. Let f = 4 - w. Suppose -5*u + 91 + 4 = f. What are the prime factors of u?
19
Let j(k) = -k**3 + 20*k**2 + 27*k + 3. List the prime factors of j(21).
3, 43
Let y = 447 - 302. List the prime factors of y.
5, 29
Let v be 8*(0 - 1/(-2)). Let n(l) = -3*l**2 - 4 + v*l**2 + 12 - 6*l. List the prime factors of n(6).
2
Suppose 49 - 15 = 2*j. Suppose -2*u + 21 = -j. What are the prime factors of u?
19
Let m = 21 - 16. Suppose h = -5*y + 46, 2*h - 20 - 67 = -m*y. What are the prime factors of h?
41
Let v(t) = -67*t - 19. List the prime factors of v(-2).
5, 23
List the prime factors of 4/6 - (-518)/6.
3, 29
Let d be (-4)/(-6) - (-129)/9. Suppose -4*z + d + 13 = 0. Let w = 9 + z. What are the prime factors of w?
2
Let p be -1 - -7 - (2 + -3). Let k = -4 + p. Suppose k = h - 0*h. What are the prime factors of h?
3
Suppose 4*t = -4, 0 = 5*u + 3*t - 73 - 309. List the prime factors of u.
7, 11
Let p be 3 - (1 - 1) - -2. Suppose -p*w + 3*v = 11 - 42, -30 = -4*w + 5*v. List the prime factors of w.
5
Let i = -64 - -42. Let k = i + 7. List the prime factors of 3/k - (-142)/10.
2, 7
Let g = 26 - 38. Let n = 5 + g. Let q = n + 11. List the prime factors of q.
2
Let j be (112/(-21))/(2/(-3)). Suppose 13*a - 195 = j*a. List the prime factors of a.
3, 13
Suppose 0 = 2*a + 3*c - 493, 2*c = -0*a - a + 244. List the prime factors of a.
2, 127
Let i(m) = 10*m**2 + m + 6. List the prime factors of i(3).
3, 11
Let r = -18 - -8. Let z(a) be the first derivative of -a**4/4 - 3*a**3 + 5*a**2 + 2*a + 5. List the prime factors of z(r).
2
Suppose 0 = -2*p - 10, 22 + 47 = o - 5*p. List the prime factors of 3/(92/o + -2).
3, 11
Suppose 0 = -3*n - 3*b + 36, 4*n + 0*b - 50 = -2*b. List the prime factors of n.
13
Let r(v) = v**2 + 3*v - 18. What are the prime factors of r(-13)?
2, 7
Suppose 3*z - 5 = -2*z. Let w be -5*z*(-4)/10. Suppose 7*j - 2*j - r - 27 = 0, -r = w*j - 15. List the prime factors of j.
2, 3
Suppose 2*g - 87 = -3*x, -4*x + 78 + 54 = 3*g. Suppose 4*m - 2*n - 30 = 2*m, -3*m + 2*n + g = 0. Suppose -m = 5*i - 7*i. List the prime factors of i.
3
Let u = -1 - -5. Suppose 2*b - 4*w = 2, b + w - u*w - 6 = 0. List the prime factors of (-212)/(-18) + (-2)/b.
2, 3
Let f = 2 - 2. Let z(p) = -p**3 - p - 2. Let g be z(f). Let a(u) = -u**3 - u. List the prime factors of a(g).
2, 5
Let g = -33 + 113. Suppose 0 = 5*h - 295 + g. List the prime factors of h.
43
Let b = -11 - -28. Suppose -4*x = -83 - b. What are the prime factors of x?
5
Suppose -4*q + 97 + 88 = x, -5*x + 949 = -4*q. List the prime factors of x.
3, 7
Suppose 58 = s + 3*y, 10*s - 354 = 5*s + y. List the prime factors of s.
2, 5, 7
Suppose -4*y + 6*y - 138 = 0. Let l = y + -40. What are the prime factors of l?
29
Suppose -2*j + 23 = -9. What are the prime factors of j?
2
Suppose -2*v = -x - 7 + 1, -5*x = -5*v + 25. Let u(c) = 3*c + 1. What are the prime factors of u(v)?
2
Let a(x) = x**3 - 3*x**2 + 7. What are the prime factors of a(5)?
3, 19
Let u(r) = -r**2 - 7*r + 11. List the prime factors of u(0).
11
Let w(u) = -2*u**3 + 6*u**2 - u + 6. Let d(z) = -z**3 + 6*z**2 - z + 5. Let s(a) = 3*d(a) - 2*w(a). Let v be s(-3). Let f = v - 12. List the prime factors of f.
3, 7
Suppose 4*r = c + c + 12, -5*r = -20. Let s be c*3/(-12)*2. Let y(i) = -12*i**3 + i. List the prime factors of y(s).
11
Suppose -4*r + 0*r + 8 = 0. Suppose -2*n - 8 = -5*q, -2*q + 3 - 1 = -r*n. List the prime factors of q.
2
Let v be 21/28 - 3/4. Suppose -5*k + 86 = -f, -f + 4 = -v. List the prime factors of k.
2, 3
Suppose -3*z = 2*x - 22, -x - 2*z = -6*z + 11. Suppose -x*l = l - 102. List the prime factors of l.
17
Suppose 3*n - 58 = 80. Suppose 4*s = 58 + n. List the prime factors of s.
2, 13
Let v(f) = 2*f**2 - 14*f + 8. List the prime factors of v(9).
2, 11
Let q = 14 - -58. List the prime factors of q.
2, 3
Let i(f) = 4 - f**3 + f**3 - f**3 - 3*f**2 + 2*f - 4*f. What are the prime factors of i(-4)?
2, 7
Let k be 5/(20/(-3))*28. What are the prime factors of -1 + (-2 - k) - 0?
2, 3
Let b(c) = -23*c - 2. List the prime factors of b(-1).
3, 7
List the prime factors of (-32)/(-5) - (-4)/(-10).
2, 3
Let m = 1 + 0. Let s be (m - -3)*(14 - 1). Suppose 3 + s = 5*i. What are the prime factors of i?
11
Suppose 0 = 4*o + 4*u - 588, -u - 292 = -2*o + 11. Suppose 2*g + o = 7*g. What are the prime factors of g?
2, 3, 5
Let r(g) = g + 8. Let o = -7 - -7. What are the prime factors of r(o)?
2
Suppose -4*j + 12 = 2*l, -6 = -2*l + 2*j - 4*j. Suppose l*p - 4*p = -8. Suppose 0 = 2*u, 0 = f + 3*u - 9 - p. What are the prime factors of f?
11
Let g(r) = -r**2 - 8*r + 5. Let h be g(-8). Suppose 0 = h*y - 4*j - 139, 2*y = 3*j + 3 + 54. What are the prime factors of y?
3
Let p(u) = 3*u**2 - 21*u + 21*u + 2*u**2 + 1. Let g be p(-1). Let r(q) = q**3 - 6*q**2 + q - 4. List the prime factors of r(g).
2
Suppose -f = 2*f. Let m = f + -4. List the prime factors of (30/m)/(15/(-20)).
2, 5
Let k(t) = t**2 + 3*t - 2. Let v be k(-3). Let m be 2 + 30 + (v - -5). Suppose 2*w - 13 - 3 = 3*l, m = 3*w + l. What are the prime factors of w?
11
What are the prime factors of (3 + 3/(-2))/((-24)/(-496))?
31
Suppose 0 = 4*b + 11 - 223. Suppose -s - 14 = -q - 0*s, -5*s = -4*q + b. List the prime factors of q.
17
Let b = -6 + 13. Let x = 12 - b. List the prime factors of x.
5
Let h(t) = 1 - 5 + 0 - 5 - t**2 - 11*t. Let l be h(-8). Let p = l + -8. What are the prime factors of p?
7
Suppose -5 = -t + 3. What are the prime factors of t?
2
Suppose -g + 2*g = 0. Let z be g + 1*1*-6. Let s = z - -12. What are the prime factors of s?
2, 3
Let l(u) = 49*u**2 - 3*u + 3. What are the prime factors of l(1)?
7
Let i(x) = -2*x**3 + 2*x**2 + 0*x**3 + 4*x - 3*x**2 + x**3. What are the prime factors of i(-3)?
2, 3
Suppose 0 = 5*i - 0*i - 215. What are the prime factors of i?
43
Let c(i) = 2*i**2 - i - 1. Let s be c(2). Let p = 10 - s. What are the prime factors of p?
5
Let u = 14 + 32. What are the prime factors of u?
2, 23
Let t = -16 - -75. What are the prime factors of t?
59
Suppose -2*t + 745 = -0*g - 3*g, -g + 733 = 2*t. List the prime factors of t.
2, 23
Let j = 26 - 8. Suppose a = -3*x - 44, 0 = 2*x - 5*a + 1 - 0. Let n = j + x. List the prime factors of n.
5
Suppose -6*s + 66 = -4*s. What are the prime factors of s?
3, 11
Let m(o) be the first derivative of 5*o**2/2 - 2*o + 3. List the prime factors of m(2).
2
Suppose -144 - 132 = -4*s. List the prime factors of s.
3, 23
Suppose -4*l = -2 - 6. List the prime factors of l.
2
Suppose 3*h = 4*s + h - 6, -4*s = 3*h - 21. Suppose -s*u - w = -2*u - 6, 0 = -2*u + 5*w - 16. Suppose 0 = -n + 9 + u. List the prime factors of n.
11
Let w = 20 - 19. Suppose i - w = 17. List the prime factors of i.
2, 3
Suppose 0 = 4*z - 1 - 3. Let s = 3 + z. List the prime factors of s.
2
Suppose 22 = -5*f + 4*b - 0, -5*b - 40 = 5*f. Let k = f - -8. Suppose -k*q = -3 - 1. List the prime factors of q.
2
Suppose 3*i = 3*c + 291, 5*c = 2*i - 4*i - 457. What are the prime factors of (-3)/(-12) + c/(-12)?
2
Suppose 5 = -a, 2*d - 5*a + 0*a - 387 = 0. List the prime factors of d.
181
Suppose -2*v = -3 - 9. Suppose -s - 2*s + v = 0. What are the prime factors of s?
2
Let c = 19 + 14. Let f be -24 - (2 + -1) - -2. Let y = c + f. List the prime factors of y.
2, 5
Let c = 3 - 0. Suppose 0 = 2*q + c*q - 40. What are the prime factors of q?
2
Let h(n) = n**2 + 7*n + 1. Let l be h(-8). Let j = -13 + l. Let u = j - -12. What are the prime factors of u?
2
Let j(t) = 3*t**3 + 6*t**2 + 6. Let u(i) = 13*i**3 + 25*i**2 + 25. Let f(s) = 9*j(s) - 2*u(s). What are the prime factors of f(-3)?
13
Suppose -5 = -4*r - 3*i, i + 4*i + 5 = 0. Suppose -t - r*w = 3*w + 24, -5*t = -3*w + 64. Let s = 0 - t. List the prime fac